{"id":952,"date":"2025-08-26T11:30:55","date_gmt":"2025-08-26T11:30:55","guid":{"rendered":"http:\/\/www.gelisimgezginleri.com\/?page_id=952"},"modified":"2025-08-26T11:49:41","modified_gmt":"2025-08-26T11:49:41","slug":"inovasyon-koclugu","status":"publish","type":"page","link":"http:\/\/www.gelisimgezginleri.com\/?page_id=952","title":{"rendered":"\u0130novasyon Ko\u00e7lu\u011fu"},"content":{"rendered":"<p>[vc_row][vc_column width=&#8221;5\/12&#8243;][vc_single_image image=&#8221;884&#8243;][\/vc_column][vc_column width=&#8221;7\/12&#8243;]<div id=\"ultimate-heading-16669e354ceb7db4\" class=\"uvc-heading ult-adjust-bottom-margin ultimate-heading-16669e354ceb7db4 uvc-3679  uvc-heading-default-font-sizes\" data-hspacer=\"no_spacer\"  data-halign=\"center\" style=\"text-align:center\"><div class=\"uvc-heading-spacer no_spacer\" style=\"top\"><\/div><div class=\"uvc-main-heading ult-responsive\"  data-ultimate-target='.uvc-heading.ultimate-heading-16669e354ceb7db4 h2'  data-responsive-json-new='{\"font-size\":\"\",\"line-height\":\"\"}' ><h2 style=\"--font-weight:theme;\">\u0130NOVASYON KO\u00c7LU\u011eU<\/h2><\/div><\/div>[vc_column_text]<strong>\u201cEzberleri boz, fark\u0131 yakala\u201d<\/strong><\/p>\n<p><strong>NEDEN \u0130NOVASYON KO\u00c7LU\u011eU?<\/strong><\/p>\n<ul>\n<li>Belki de\u011fi\u015fim zaman\u0131 geldi\u011fini hissediyorsunuz.<\/li>\n<li>Belki kariyerinizi ya da i\u015finizi farkl\u0131 bir noktaya ta\u015f\u0131mak istiyorsunuz.<\/li>\n<li>Belki fikirlerinize cesaret ar\u0131yor ya da sadece yeni yollar ke\u015ffetmek istiyorsunuz.<\/li>\n<\/ul>\n<p><strong>\u201c\u0130novasyon Ko\u00e7lu\u011fu tam size g\u00f6re.\u201d<\/strong><\/p>\n<p><strong>K\u0130MLER \u0130\u00c7\u0130N?<\/strong><\/p>\n<ul>\n<li><strong>\u015eirket Sahipleri:<\/strong> Ayk\u0131r\u0131 Zeka ile i\u015f modelinizi gelece\u011fe ta\u015f\u0131y\u0131n.<\/li>\n<li><strong>Genel M\u00fcd\u00fcrler:<\/strong> Kurum k\u00fclt\u00fcr\u00fcn\u00fc yenilik\u00e7i vizyonla d\u00f6n\u00fc\u015ft\u00fcr\u00fcn.<\/li>\n<li><strong>Ar-Ge Direkt\u00f6rleri &amp; Y\u00f6neticiler:<\/strong> Teknik uzmanl\u0131ktan inovasyon liderli\u011fine ge\u00e7in.<\/li>\n<li><strong>Profesyoneller:<\/strong> Kariyerinizde fark yaratan ad\u0131mlar at\u0131n.<\/li>\n<li><strong>Giri\u015fimciler:<\/strong> Fikirlerinizi i\u015f modeline d\u00f6n\u00fc\u015ft\u00fcr\u00fcn ve b\u00fcy\u00fct\u00fcn.<\/li>\n<li><strong>De\u011fi\u015fim Arayanlar:<\/strong> Hayat\u0131n\u0131zda yeni bir sayfa a\u00e7\u0131n.<\/li>\n<\/ul>\n<p><strong>\u201cFark yaratmak istiyorsan, farkl\u0131 g\u00f6r\u00fcn!\u201d<\/strong><\/p>\n<p><strong>NASIL \u00c7ALI\u015eIR?<\/strong><\/p>\n<ul>\n<li>7 birebir online seans (60\u201390 dk)<\/li>\n<li>\u0130lk seans: Ayk\u0131r\u0131 Zek\u00e2 ile mevcut d\u00fc\u015f\u00fcnce kal\u0131plar\u0131n\u0131 ke\u015fif<\/li>\n<li>Ara seanslar: \u0130novasyon teknikleri ve yarat\u0131c\u0131 egzersizler<\/li>\n<li>Son seans: Kendi yol haritan\u0131z\u0131 olu\u015fturma<\/li>\n<\/ul>\n<p><strong>\u201cFikirden \u00e7\u00f6z\u00fcme, ezberden farkl\u0131l\u0131\u011fa.\u201d<\/strong><\/p>\n<p><strong>NE KAZANDIRIR?<\/strong><\/p>\n<ul>\n<li>Ezberi bozma cesareti<\/li>\n<li>Daha yarat\u0131c\u0131 ve \u00f6zg\u00fcn kararlar<\/li>\n<li>Yeni f\u0131rsatlar\u0131 g\u00f6rme refleksi<\/li>\n<li>Alan\u0131nda fark yaratan ad\u0131mlar<\/li>\n<li>G\u00fc\u00e7l\u00fc vizyon ve s\u00fcrd\u00fcr\u00fclebilir inovasyon k\u00fclt\u00fcr\u00fc<\/li>\n<\/ul>\n<p><strong>\u201c\u0130\u00e7indeki yarat\u0131c\u0131l\u0131\u011f\u0131 a\u00e7\u0131\u011fa \u00e7\u0131kar.\u201d<\/strong><\/p>\n<p><strong>\u201c\u0130novasyon fikirden \u00f6nce bak\u0131\u015f a\u00e7\u0131s\u0131d\u0131r.\u201d<\/strong><br \/>\n<strong>Ayk\u0131r\u0131 Zek\u00e2 yakla\u015f\u0131m\u0131<\/strong>, inovasyon ko\u00e7lu\u011fu ile birle\u015ferek size sadece yeni fikirler de\u011fil, yeni bir d\u00fc\u015f\u00fcnme bi\u00e7imi kazand\u0131r\u0131r.<\/p>\n<p><strong>Ayk\u0131r\u0131 Zeka Yakla\u015f\u0131m\u0131<\/strong><\/p>\n<ul>\n<li>Ezber bozan, al\u0131\u015f\u0131lm\u0131\u015f kal\u0131plar\u0131 sorgulayan ve farkl\u0131 bak\u0131\u015f a\u00e7\u0131lar\u0131 geli\u015ftirmeyi hedefleyen bir d\u00fc\u015f\u00fcnce modelidir.<\/li>\n<li>20 y\u0131l\u0131 a\u015fk\u0131n uzmanl\u0131\u011f\u0131, Master Seviye Mentor, Y\u00f6netim Dan\u0131\u015fman\u0131, Ayk\u0131r\u0131 Zeka Kitab\u0131n\u0131n Yazar\u0131 ve \u0130novasyon Ko\u00e7u Salih Keskin taraf\u0131ndan geli\u015ftirilmi\u015ftir.<\/li>\n<li>Ki\u015fi ve kurumlar\u0131n yenilik\u00e7i potansiyelini ortaya \u00e7\u0131kararak, s\u0131radanl\u0131ktan s\u0131yr\u0131lmalar\u0131n\u0131 ve fark yaratan \u00e7\u00f6z\u00fcmler geli\u015ftirmelerini sa\u011flar.<\/li>\n<\/ul>\n<p>&nbsp;<\/p>\n<p><strong>\u0130NOVASYON KO\u00c7LU\u011eU<\/strong><\/p>\n<ul>\n<li>Belirsizlikle ba\u015flar<\/li>\n<li>Tekniklerle \u015fekillenir<\/li>\n<li>\u0130mzan\u0131zla tamamlan\u0131r<\/li>\n<\/ul>\n<p><strong>\u201c\u015eimdi ezberi bozma zaman\u0131!\u201d <\/strong>[\/vc_column_text][\/vc_column][\/vc_row][vc_row][vc_column width=&#8221;1\/4&#8243;][\/vc_column][vc_column width=&#8221;1\/2&#8243;]<div class=\"text-centered\"><a href=\"http:\/\/www.gelisimgezginleri.com\/#!\/contact\" class=\"btn-shortcode dt-btn-l dt-btn default-btn-color default-btn-hover-color default-btn-bg-color default-btn-bg-hover-color HEMEN ARAYALIM\" target=\"_blank\" id=\"dt-btn-1\" rel=\"noopener\"><span>HEMEN ARAYALIM<\/span><\/a><\/div>[\/vc_column][vc_column width=&#8221;1\/4&#8243;][\/vc_column][\/vc_row]<\/p>\n","protected":false},"excerpt":{"rendered":"<p>[vc_row][vc_column width=&#8221;5\/12&#8243;][vc_single_image image=&#8221;884&#8243;][\/vc_column][vc_column width=&#8221;7\/12&#8243;][vc_column_text]\u201cEzberleri boz, fark\u0131 yakala\u201d NEDEN \u0130NOVASYON KO\u00c7LU\u011eU? Belki de\u011fi\u015fim zaman\u0131 geldi\u011fini hissediyorsunuz. Belki kariyerinizi ya da i\u015finizi farkl\u0131 bir noktaya ta\u015f\u0131mak istiyorsunuz. Belki fikirlerinize cesaret ar\u0131yor ya da sadece yeni yollar ke\u015ffetmek istiyorsunuz. \u201c\u0130novasyon Ko\u00e7lu\u011fu tam size g\u00f6re.\u201d K\u0130MLER \u0130\u00c7\u0130N? \u015eirket Sahipleri: Ayk\u0131r\u0131 Zeka ile i\u015f modelinizi gelece\u011fe ta\u015f\u0131y\u0131n. Genel M\u00fcd\u00fcrler: Kurum&hellip;<\/p>\n","protected":false},"author":1,"featured_media":0,"parent":111,"menu_order":0,"comment_status":"closed","ping_status":"closed","template":"","meta":{"footnotes":""},"class_list":["post-952","page","type-page","status-publish","hentry","description-off"],"_links":{"self":[{"href":"http:\/\/www.gelisimgezginleri.com\/index.php?rest_route=\/wp\/v2\/pages\/952","targetHints":{"allow":["GET"]}}],"collection":[{"href":"http:\/\/www.gelisimgezginleri.com\/index.php?rest_route=\/wp\/v2\/pages"}],"about":[{"href":"http:\/\/www.gelisimgezginleri.com\/index.php?rest_route=\/wp\/v2\/types\/page"}],"author":[{"embeddable":true,"href":"http:\/\/www.gelisimgezginleri.com\/index.php?rest_route=\/wp\/v2\/users\/1"}],"replies":[{"embeddable":true,"href":"http:\/\/www.gelisimgezginleri.com\/index.php?rest_route=%2Fwp%2Fv2%2Fcomments&post=952"}],"version-history":[{"count":6,"href":"http:\/\/www.gelisimgezginleri.com\/index.php?rest_route=\/wp\/v2\/pages\/952\/revisions"}],"predecessor-version":[{"id":962,"href":"http:\/\/www.gelisimgezginleri.com\/index.php?rest_route=\/wp\/v2\/pages\/952\/revisions\/962"}],"up":[{"embeddable":true,"href":"http:\/\/www.gelisimgezginleri.com\/index.php?rest_route=\/wp\/v2\/pages\/111"}],"wp:attachment":[{"href":"http:\/\/www.gelisimgezginleri.com\/index.php?rest_route=%2Fwp%2Fv2%2Fmedia&parent=952"}],"curies":[{"name":"wp","href":"https:\/\/api.w.org\/{rel}","templated":true}]}}