{"id":706,"date":"2020-08-27T16:31:08","date_gmt":"2020-08-27T16:31:08","guid":{"rendered":"http:\/\/www.gelisimgezginleri.com\/?page_id=706"},"modified":"2024-09-10T13:33:14","modified_gmt":"2024-09-10T13:33:14","slug":"yeni-nesil-programlarimiz","status":"publish","type":"page","link":"http:\/\/www.gelisimgezginleri.com\/?page_id=706","title":{"rendered":"Yeni Nesil \u00d6nc\u00fc Programlar\u0131m\u0131z"},"content":{"rendered":"<p>[vc_row][vc_column]<div id=\"ultimate-heading-805069e358ea7f4db\" class=\"uvc-heading ult-adjust-bottom-margin ultimate-heading-805069e358ea7f4db uvc-6697  uvc-heading-default-font-sizes\" data-hspacer=\"no_spacer\"  data-halign=\"center\" style=\"text-align:center\"><div class=\"uvc-heading-spacer no_spacer\" style=\"top\"><\/div><div class=\"uvc-main-heading ult-responsive\"  data-ultimate-target='.uvc-heading.ultimate-heading-805069e358ea7f4db h2'  data-responsive-json-new='{\"font-size\":\"\",\"line-height\":\"\"}' ><h2 style=\"--font-weight:theme;\">Yeni Nesil \u00d6nc\u00fc Programlar\u0131m\u0131z<\/h2><\/div><div class=\"uvc-sub-heading ult-responsive\"  data-ultimate-target='.uvc-heading.ultimate-heading-805069e358ea7f4db .uvc-sub-heading '  data-responsive-json-new='{\"font-size\":\"\",\"line-height\":\"\"}'  style=\"font-weight:normal;\">\u0130\u015f D\u00fcnyas\u0131n\u0131n Gelece\u011fi, <span style=\"color: #ff0000;\">\u015e\u0130MD\u0130<\/span><\/p>\n<p>Yeni yay\u0131nlanan anket sonu\u00e7lar\u0131, i\u015f g\u00fcc\u00fcn\u00fcn yakla\u015f\u0131k <span style=\"color: #ff0000;\">% 50<\/span> &#8216;sinin yeni becerilere ihtiya\u00e7 duydu\u011funu g\u00f6steriyor.<\/p>\n<p>\u0130\u015f d\u00fcnyas\u0131nda fark yaratmak ve ba\u015far\u0131ya ula\u015fmak i\u00e7in gereken kritik becerileri geli\u015ftirmek amac\u0131yla olu\u015fturdu\u011fumuz programlar\u0131m\u0131z, yarat\u0131c\u0131l\u0131k, fark\u0131ndal\u0131k ve g\u00fc\u00e7l\u00fc yakla\u015f\u0131mlar arayan profesyonellere \u00f6zel olarak tasarlanm\u0131\u015ft\u0131r.<\/div><\/div>[\/vc_column][\/vc_row][vc_row][vc_column width=&#8221;1\/4&#8243;]\n<div tabindex=\"0\" id=\"interactive-banner-1-wrap-3601\" class=\"ult-banner-block ult-adjust-bottom-margin ult-bb-box  banner-style11 \"   style=\"\">\n\t<img decoding=\"async\" src=\"http:\/\/www.gelisimgezginleri.com\/wp-content\/uploads\/2020\/08\/iStock-465754929.jpg\" alt=\"null\">\n\t<h3  data-ultimate-target='#interactive-banner-1-wrap-3601 .bb-top-title '  data-responsive-json-new='{\"font-size\":\"\",\"line-height\":\"\"}'  class=\"title-center bb-top-title ult-responsive\" style=\"font-weight:normal;background:#eded00;color:#000000;\">Manager's Tools - Y\u00f6netici Ara\u00e7lar\u0131<\/h3>\n\t<div class=\"mask opaque-background\" style=\"background:#ffffff;\">\n\t\t<div  data-ultimate-target='#interactive-banner-1-wrap-3601 .bb-description'  data-responsive-json-new='{\"font-size\":\"\",\"line-height\":\"\"}'  class=\"bb-description ult-responsive\" style=\"font-weight:normal;color:#000000;\">Y\u00f6netici Ara\u00e7 Seti, 54 adet ara\u00e7tan olu\u015fmaktad\u0131r. Bu \u00f6zel ve kuvvetli \u00e7al\u0131\u015fma y\u00f6ntemi, etkili bir y\u00f6neticinin g\u00fc\u00e7l\u00fc olmas\u0131n\u0131 bekledi\u011fimiz 14 adet power beceriyi geli\u015ftirmeyi hedefler.<\/div>\n\t<\/div><a class=\"bb-link\" href=\"http:\/\/www.gelisimgezginleri.com\/?page_id=629\" title=\"Yeni Nesil Programlar\u0131m\u0131z\" target=\"_blank\" rel=\"noopener\" ><\/a>\n<\/div>[\/vc_column][vc_column width=&#8221;1\/4&#8243;]\n<div tabindex=\"0\" id=\"interactive-banner-1-wrap-2121\" class=\"ult-banner-block ult-adjust-bottom-margin ult-bb-box  banner-style01 \"   style=\"\">\n\t<img decoding=\"async\" src=\"http:\/\/www.gelisimgezginleri.com\/wp-content\/uploads\/2020\/08\/Depositphotos_102493666_l-2015-1024x708-1.jpg\" alt=\"null\">\n\t<h3  data-ultimate-target='#interactive-banner-1-wrap-2121 .bb-top-title '  data-responsive-json-new='{\"font-size\":\"\",\"line-height\":\"\"}'  class=\"title-center bb-top-title ult-responsive\" style=\"font-weight:normal;background:#26ff00;color:#000000;\">Sat\u0131\u015f Ekiplerine \u00d6zel- Yenilik\u00e7i ve Yarat\u0131c\u0131 D\u00fc\u015f\u00fcnme At\u00f6lyesi<\/h3>\n\t<div class=\"mask opaque-background\" style=\"background:#ffffff;\">\n\t\t<div  data-ultimate-target='#interactive-banner-1-wrap-2121 .bb-description'  data-responsive-json-new='{\"font-size\":\"\",\"line-height\":\"\"}'  class=\"bb-description ult-responsive\" style=\"font-weight:normal;color:#000000;\">B\u0130R \u0130LK !<br \/>\nAt\u00f6lyemiz klasik sat\u0131\u015f y\u00f6ntemlerinin \u00f6tesine ge\u00e7meyi, yeni perspektifler kazand\u0131rmay\u0131 ve sat\u0131\u015f stratejilerinde d\u00f6n\u00fc\u015f\u00fcm sa\u011flamay\u0131 hedefliyor.<\/div>\n\t<\/div><a class=\"bb-link\" href=\"http:\/\/www.gelisimgezginleri.com\/?page_id=751\" title=\"Yeni Nesil Programlar\u0131m\u0131z\" target=\"_blank\" rel=\"noopener\" ><\/a>\n<\/div>[\/vc_column][vc_column width=&#8221;1\/4&#8243;]\n<div tabindex=\"0\" id=\"interactive-banner-1-wrap-8048\" class=\"ult-banner-block ult-adjust-bottom-margin ult-bb-box  banner-style01 \"   style=\"\">\n\t<img decoding=\"async\" src=\"http:\/\/www.gelisimgezginleri.com\/wp-content\/uploads\/2020\/08\/creativity1183x887.jpg\" alt=\"null\">\n\t<h3  data-ultimate-target='#interactive-banner-1-wrap-8048 .bb-top-title '  data-responsive-json-new='{\"font-size\":\"\",\"line-height\":\"\"}'  class=\"title-center bb-top-title ult-responsive\" style=\"font-weight:normal;background:#ffa100;color:#000000;\">\u0130no Workshop - Yeni Fikir At\u00f6lyesi<\/h3>\n\t<div class=\"mask opaque-background\" style=\"background:#ffffff;\">\n\t\t<div  data-ultimate-target='#interactive-banner-1-wrap-8048 .bb-description'  data-responsive-json-new='{\"font-size\":\"\",\"line-height\":\"\"}'  class=\"bb-description ult-responsive\" style=\"font-weight:normal;color:#000000;\">\u015eirketinizde var olan yeni ve parlak fikir hazinesini, y\u0131llar\u0131n evrensel bilgi, tecr\u00fcbe ve g\u00fc\u00e7l\u00fc ara\u00e7lar\u0131yla ortaya \u00e7\u0131kartman\u0131z\u0131 hedefler.<\/div>\n\t<\/div><a class=\"bb-link\" href=\"http:\/\/www.gelisimgezginleri.com\/?page_id=781\" title=\"Yeni Nesil Programlar\u0131m\u0131z\" target=\"_blank\" rel=\"noopener\" ><\/a>\n<\/div>[\/vc_column][vc_column width=&#8221;1\/4&#8243;]\n<div tabindex=\"0\" id=\"interactive-banner-1-wrap-5977\" class=\"ult-banner-block ult-adjust-bottom-margin ult-bb-box  banner-style01 \"   style=\"\">\n\t<img decoding=\"async\" src=\"http:\/\/www.gelisimgezginleri.com\/wp-content\/uploads\/2024\/07\/indir.jpg\" alt=\"null\">\n\t<h3  data-ultimate-target='#interactive-banner-1-wrap-5977 .bb-top-title '  data-responsive-json-new='{\"font-size\":\"\",\"line-height\":\"\"}'  class=\"title-left bb-top-title ult-responsive\" style=\"font-weight:normal;background:#00dddd;color:#000000;\">\u0130nosis-Kurumsal \u0130novasyon Sistemi<\/h3>\n\t<div class=\"mask opaque-background\" style=\"background:#ffffff;\">\n\t\t<div  data-ultimate-target='#interactive-banner-1-wrap-5977 .bb-description'  data-responsive-json-new='{\"font-size\":\"\",\"line-height\":\"\"}'  class=\"bb-description ult-responsive\" style=\"font-weight:normal;color:#000000;\">Kurumsal \u0130novasyon Sistemi, \u015firketlerin inovasyon ve yarat\u0131c\u0131l\u0131k yetkinliklerini art\u0131rarak sekt\u00f6rde liderliklerini s\u00fcrd\u00fcrmelerine yard\u0131mc\u0131 olmay\u0131 ama\u00e7lar.<\/div>\n\t<\/div><a class=\"bb-link\" href=\"http:\/\/www.gelisimgezginleri.com\/?page_id=792\" title=\"Yeni Nesil Programlar\u0131m\u0131z\" target=\"_blank\" rel=\"noopener\" ><\/a>\n<\/div>[\/vc_column][\/vc_row]<\/p>\n","protected":false},"excerpt":{"rendered":"<p>[vc_row][vc_column][\/vc_column][\/vc_row][vc_row][vc_column width=&#8221;1\/4&#8243;][\/vc_column][vc_column width=&#8221;1\/4&#8243;][\/vc_column][vc_column width=&#8221;1\/4&#8243;][\/vc_column][vc_column width=&#8221;1\/4&#8243;][\/vc_column][\/vc_row]<\/p>\n","protected":false},"author":1,"featured_media":0,"parent":111,"menu_order":0,"comment_status":"closed","ping_status":"closed","template":"","meta":{"footnotes":""},"class_list":["post-706","page","type-page","status-publish","hentry","description-off"],"_links":{"self":[{"href":"http:\/\/www.gelisimgezginleri.com\/index.php?rest_route=\/wp\/v2\/pages\/706","targetHints":{"allow":["GET"]}}],"collection":[{"href":"http:\/\/www.gelisimgezginleri.com\/index.php?rest_route=\/wp\/v2\/pages"}],"about":[{"href":"http:\/\/www.gelisimgezginleri.com\/index.php?rest_route=\/wp\/v2\/types\/page"}],"author":[{"embeddable":true,"href":"http:\/\/www.gelisimgezginleri.com\/index.php?rest_route=\/wp\/v2\/users\/1"}],"replies":[{"embeddable":true,"href":"http:\/\/www.gelisimgezginleri.com\/index.php?rest_route=%2Fwp%2Fv2%2Fcomments&post=706"}],"version-history":[{"count":51,"href":"http:\/\/www.gelisimgezginleri.com\/index.php?rest_route=\/wp\/v2\/pages\/706\/revisions"}],"predecessor-version":[{"id":914,"href":"http:\/\/www.gelisimgezginleri.com\/index.php?rest_route=\/wp\/v2\/pages\/706\/revisions\/914"}],"up":[{"embeddable":true,"href":"http:\/\/www.gelisimgezginleri.com\/index.php?rest_route=\/wp\/v2\/pages\/111"}],"wp:attachment":[{"href":"http:\/\/www.gelisimgezginleri.com\/index.php?rest_route=%2Fwp%2Fv2%2Fmedia&parent=706"}],"curies":[{"name":"wp","href":"https:\/\/api.w.org\/{rel}","templated":true}]}}