{"id":221,"date":"2019-05-13T17:53:52","date_gmt":"2019-05-13T17:53:52","guid":{"rendered":"http:\/\/www.gelisimgezginleri.com\/?page_id=221"},"modified":"2020-08-14T16:51:38","modified_gmt":"2020-08-14T16:51:38","slug":"221-2","status":"publish","type":"page","link":"http:\/\/www.gelisimgezginleri.com\/?page_id=221","title":{"rendered":"Dan\u0131\u015fmanl\u0131k"},"content":{"rendered":"<p>[vc_row][vc_column width=&#8221;5\/12&#8243;][vc_single_image image=&#8221;219&#8243; img_size=&#8221;300&#215;300&#8243; alignment=&#8221;center&#8221; style=&#8221;vc_box_circle&#8221; image_hovers=&#8221;false&#8221; lazy_loading=&#8221;true&#8221;][\/vc_column][vc_column width=&#8221;7\/12&#8243;]<div id=\"ultimate-heading-32869e35592ac749\" class=\"uvc-heading ult-adjust-bottom-margin ultimate-heading-32869e35592ac749 uvc-9522 \" data-hspacer=\"line_only\"  data-halign=\"left\" style=\"text-align:left\"><div class=\"uvc-main-heading ult-responsive\"  data-ultimate-target='.uvc-heading.ultimate-heading-32869e35592ac749 h2'  data-responsive-json-new='{\"font-size\":\"desktop:34px;\",\"line-height\":\"desktop:44px;\"}' ><h2 style=\"font-weight:bold;margin-bottom:15px;\">Dan\u0131\u015fmanl\u0131k<\/h2><\/div><div class=\"uvc-heading-spacer line_only\" style=\"margin-bottom:35px;height:3px;\"><span class=\"uvc-headings-line\" style=\"border-style:solid;border-bottom-width:3px;border-color:#dd0000;width:200px;\"><\/span><\/div><div class=\"uvc-sub-heading ult-responsive\"  data-ultimate-target='.uvc-heading.ultimate-heading-32869e35592ac749 .uvc-sub-heading '  data-responsive-json-new='{\"font-size\":\"desktop:20px;\",\"line-height\":\"desktop:32px;\"}'  style=\"font-weight:normal;margin-bottom:25px;\">Alan\u0131nda uzman dan\u0131\u015fman ve i\u015f ortaklar\u0131m\u0131z ile birlikte s\u00fcrd\u00fcr\u00fclebilir ba\u015far\u0131ya destek olmak, bilgiyi payla\u015fmak ve b\u00f6ylece kurumlara katma de\u011fer katmak i\u00e7in kurumun ihtiya\u00e7lar\u0131na \u00f6zel olarak sundu\u011fumuz \u00e7\u00f6z\u00fcmlerimizdir.<\/div><\/div><div id=\"ultimate-heading-728869e35592ac7f4\" class=\"uvc-heading ult-adjust-bottom-margin ultimate-heading-728869e35592ac7f4 uvc-1452 \" data-hspacer=\"no_spacer\"  data-halign=\"left\" style=\"text-align:left\"><div class=\"uvc-heading-spacer no_spacer\" style=\"top\"><\/div><div class=\"uvc-main-heading ult-responsive\"  data-ultimate-target='.uvc-heading.ultimate-heading-728869e35592ac7f4 h2'  data-responsive-json-new='{\"font-size\":\"desktop:22px;\",\"line-height\":\"desktop:32px;\"}' ><h2 style=\"font-weight:bold;margin-bottom:20px;\">\u0130nsan Kaynaklar\u0131 Dan\u0131\u015fmanl\u0131k \u00c7\u00f6z\u00fcmlerimiz:<\/h2><\/div><\/div><div class=\"standard-arrow bullet-top\"><ul>\n<li>E\u011fitim Dan\u0131\u015fmanl\u0131\u011f\u0131<\/li>\n<li>Kurum \u0130\u00e7i Akademi Kurma<\/li>\n<li>Kurum \u0130\u00e7i Ko\u00e7luk Sistemi Kurma<\/li>\n<li>Kurum \u0130\u00e7i Mentorluk Sistemi Kurma<\/li>\n<\/ul>\n<\/div><div id=\"ultimate-heading-237669e35592ac917\" class=\"uvc-heading ult-adjust-bottom-margin ultimate-heading-237669e35592ac917 uvc-5744 \" data-hspacer=\"no_spacer\"  data-halign=\"left\" style=\"text-align:left\"><div class=\"uvc-heading-spacer no_spacer\" style=\"top\"><\/div><div class=\"uvc-main-heading ult-responsive\"  data-ultimate-target='.uvc-heading.ultimate-heading-237669e35592ac917 h2'  data-responsive-json-new='{\"font-size\":\"desktop:22px;\",\"line-height\":\"desktop:32px;\"}' ><h2 style=\"font-weight:bold;margin-bottom:20px;\">\u0130novasyon Dan\u0131\u015fmanl\u0131\u011f\u0131:<\/h2><\/div><\/div><div class=\"standard-arrow bullet-top\"><p>Kurum i\u00e7i AR-GE Kurma<\/p>\n<\/div>[vc_empty_space height=&#8221;45px&#8221;]<style type=\"text\/css\" data-type=\"the7_shortcodes-inline-css\">#default-btn-892a92b8461c2aec0689ad22c1b89e1e {\n  border-radius: 1px;\n  font-size: 14px;\n  line-height: 16px;\n}\n.btn-shadow#default-btn-892a92b8461c2aec0689ad22c1b89e1e {\n  box-shadow: 0 1px 6px rgba(0,0,0,0.12);\n  transition: box-shadow 0.2s ease-out, opacity 0.45s;\n}\n.btn-shadow#default-btn-892a92b8461c2aec0689ad22c1b89e1e:hover {\n  box-shadow: 0 5px 11px 0 rgba(0,0,0,0.18), 0 4px 15px 0 rgba(0,0,0,0.15);\n}\n.btn-3d#default-btn-892a92b8461c2aec0689ad22c1b89e1e {\n  box-shadow: 0px 2px 0px 0px #901010;\n}\n.btn-3d#default-btn-892a92b8461c2aec0689ad22c1b89e1e:hover {\n  box-shadow: 0px 2px 0px 0px #901010;\n}\n.btn-flat#default-btn-892a92b8461c2aec0689ad22c1b89e1e {\n  box-shadow: none;\n}\n.btn-flat#default-btn-892a92b8461c2aec0689ad22c1b89e1e:hover {\n  box-shadow: none;\n}\n#default-btn-892a92b8461c2aec0689ad22c1b89e1e.ico-right-side > i {\n  margin-right: 0px;\n  margin-left: 8px;\n}\n#default-btn-892a92b8461c2aec0689ad22c1b89e1e > i {\n  margin-right: 8px;\n  font-size: 14px;\n}\n#default-btn-892a92b8461c2aec0689ad22c1b89e1e:not(:hover) {\n  border-width: 0px;\n  color: #ffffff;\n  background: #dd0000 !important;\n  padding: 12px 18px 12px 18px;\n}\n#default-btn-892a92b8461c2aec0689ad22c1b89e1e:not(:hover) * {\n  color: #ffffff;\n}\n#default-btn-892a92b8461c2aec0689ad22c1b89e1e:hover {\n  border-width: 0px;\n  color: #dd0000;\n  background: #dd0000 !important;\n  padding: 12px 18px 12px 18px;\n}\n#default-btn-892a92b8461c2aec0689ad22c1b89e1e:hover * {\n  color: #dd0000;\n}\n#default-btn-892a92b8461c2aec0689ad22c1b89e1e.ico-right-side > i {\n  margin-right: 0px;\n  margin-left: 8px;\n}\n#default-btn-892a92b8461c2aec0689ad22c1b89e1e > i {\n  margin-right: 8px;\n}<\/style><a href=\"http:\/\/www.gelisimgezginleri.com\/#!\/consultation\" class=\"default-btn-shortcode dt-btn link-hover-off btn-inline-left btn-flat \" target=\"_blank\" id=\"default-btn-892a92b8461c2aec0689ad22c1b89e1e\" rel=\"noopener\"><span>\u00dccretsiz \u0130lk Dan\u0131\u015fma<\/span><\/a>[\/vc_column][\/vc_row]<\/p>\n","protected":false},"excerpt":{"rendered":"<p>[vc_row][vc_column width=&#8221;5\/12&#8243;][vc_single_image image=&#8221;219&#8243; img_size=&#8221;300&#215;300&#8243; alignment=&#8221;center&#8221; style=&#8221;vc_box_circle&#8221; image_hovers=&#8221;false&#8221; lazy_loading=&#8221;true&#8221;][\/vc_column][vc_column width=&#8221;7\/12&#8243;][vc_empty_space height=&#8221;45px&#8221;][\/vc_column][\/vc_row]<\/p>\n","protected":false},"author":1,"featured_media":0,"parent":111,"menu_order":0,"comment_status":"closed","ping_status":"closed","template":"","meta":{"footnotes":""},"class_list":["post-221","page","type-page","status-publish","hentry","description-off"],"_links":{"self":[{"href":"http:\/\/www.gelisimgezginleri.com\/index.php?rest_route=\/wp\/v2\/pages\/221","targetHints":{"allow":["GET"]}}],"collection":[{"href":"http:\/\/www.gelisimgezginleri.com\/index.php?rest_route=\/wp\/v2\/pages"}],"about":[{"href":"http:\/\/www.gelisimgezginleri.com\/index.php?rest_route=\/wp\/v2\/types\/page"}],"author":[{"embeddable":true,"href":"http:\/\/www.gelisimgezginleri.com\/index.php?rest_route=\/wp\/v2\/users\/1"}],"replies":[{"embeddable":true,"href":"http:\/\/www.gelisimgezginleri.com\/index.php?rest_route=%2Fwp%2Fv2%2Fcomments&post=221"}],"version-history":[{"count":10,"href":"http:\/\/www.gelisimgezginleri.com\/index.php?rest_route=\/wp\/v2\/pages\/221\/revisions"}],"predecessor-version":[{"id":590,"href":"http:\/\/www.gelisimgezginleri.com\/index.php?rest_route=\/wp\/v2\/pages\/221\/revisions\/590"}],"up":[{"embeddable":true,"href":"http:\/\/www.gelisimgezginleri.com\/index.php?rest_route=\/wp\/v2\/pages\/111"}],"wp:attachment":[{"href":"http:\/\/www.gelisimgezginleri.com\/index.php?rest_route=%2Fwp%2Fv2%2Fmedia&parent=221"}],"curies":[{"name":"wp","href":"https:\/\/api.w.org\/{rel}","templated":true}]}}